u(-11). Calculate h(a).
13
Let r(g) = -4*g + 1. Let a(n) = 3*n**3 - 2*n**2 + 1. Let w be a(1). Let j = w - 0. Calculate r(j).
-7
Let d(y) = -2*y. Let x be d(-4). Let h be 4*(-2)/x*3. Let n(a) be the first derivative of a**4/4 + a**3 - a**2 + 2*a + 3. Determine n(h).
8
Let x(c) = -c**3 - 5*c**2 - c - 3. Let g be 9/(-6)*16/(-6). Suppose 2 = -2*q - 3*h + 3, -g*q + 4*h + 32 = 0. Suppose -a = -q*a - 20. What is x(a)?
2
Let t(f) = -6*f - 3. Let j(c) = 5*c + 2. Let w(h) = -7*j(h) - 6*t(h). Determine w(6).
10
Let x(u) be the third derivative of u**6/60 + u**5/30 - u**4/24 - 10*u**2. Calculate x(1).
3
Let q(x) = x**3 + 7*x**2 + 8*x + 5. Suppose -4*d + 2*y = 24, y = -4*y. Calculate q(d).
-7
Let x be 8/(-20)*-5 + -2. Let t(q) = -q**2 + q + 5. Give t(x).
5
Let k(s) be the third derivative of -1/6*s**3 + 0*s - 1/24*s**4 + s**2 + 0. What is k(-4)?
3
Let z(v) be the third derivative of v**4/6 + v**3/2 + v**2. Suppose 9 = 8*b - 11*b. What is z(b)?
-9
Let u(o) be the third derivative of 0 - 1/24*o**4 - o**2 - 1/3*o**3 + 0*o + 1/20*o**5 - 1/60*o**6. Suppose 0 = 5*w + 6*z - z - 25, 7 = -w + 3*z. Determine u(w).
-8
Let x(c) = 1. Let s(z) = -z + 9. Let y(k) = -s(k) + 6*x(k). Suppose 5*v + 3 = 28. Give y(v).
2
Let y(r) = -1 - 3*r - 2 - 3*r + 5*r. Let n(s) = -s - 2. Let x(o) = -3*n(o) + 4*y(o). Determine x(5).
-11
Let n(t) = -t**2 - 1. Suppose 0 = 2*p + 2, 0 = 5*g - 2*p - 26 - 26. Suppose l = -4*l + g. Let o be 2/(0 - (-1 + l)). What is n(o)?
-5
Let q = -2 + -1. Let i(b) be the first derivative of -4 + 1/4*b**4 + b**2 + b + b**3. Calculate i(q).
-5
Let d(y) = 2*y**2 - 4*y + 2. Let p be d(2). Let g(m) = m - m + 5*m**p - 7*m**2 + 3*m + 3. Calculate g(3).
-6
Let k(s) be the third derivative of 1/6*s**3 + 0 + 0*s**4 + 1/30*s**5 + 2*s**2 + 0*s. Let r(b) = -b**3 - 2*b**2 - 2*b - 2. Let j be r(-2). What is k(j)?
9
Let q(d) = 2*d + 2. Let i(k) = -2*k - 2. Let f(t) = 3*i(t) + 2*q(t). Let s be (1 + (2 - 0))/((-24)/16). What is f(s)?
2
Let y(v) = -v**3 - 6*v**2 - 4*v - 3. Suppose 10 = -7*r + 5*r. Give y(r).
-8
Suppose -8 = 4*i - 3*g + g, -5*g = -3*i + 8. Let c(n) = n**3 + 2*n**2 - 6*n - 2. Give c(i).
-10
Let k(x) = -x + 1. Suppose -46 + 54 = 2*h. What is k(h)?
-3
Let w(j) be the second derivative of j**5/20 - j**4/3 - j**3/2 - 7*j**2/2 + 3*j. Let o = -7 - -12. What is w(o)?
3
Let c(h) = -80*h - 78*h - 78*h + 231*h + 6. Determine c(5).
-19
Let x(u) be the third derivative of u**5/60 + 5*u**4/12 + u**3/6 + 50*u**2. Calculate x(-11).
12
Let y(a) = -178 + 184 + 0*a - a**2 - 6*a. Calculate y(-7).
-1
Let l(p) = -2*p. Let u(h) = 6*h. Let k(x) = 14*l(x) + 5*u(x). Let q = 1 - 0. Determine k(q).
2
Let b(a) = -3*a - 1. Let j be (-20)/(-16) - (-1)/(-4). What is b(j)?
-4
Let m(d) be the third derivative of d**7/1680 + d**6/720 - d**5/15 - 3*d**2. Let p(t) be the third derivative of m(t). Give p(1).
4
Let p(u) = -u**2 - u - 3. Let v(h) be the third derivative of h**5/60 + h**4/24 + h**3/2 + 8*h**2. Let s(i) = -7*p(i) - 6*v(i). What is s(-4)?
15
Let g(u) = -5*u - 1. Let d = 3 - 4. Let f be g(d). Let n(k) = f*k**3 - 5*k**3 + 6*k**2 - 3 - 5*k + 6. What is n(5)?
3
Let d(v) = 4 + 1 - 3 + v**2 - 3*v. Suppose -x = -4, -2*w + 2*x + 8 + 0 = 0. Suppose i + 3*i = w. Determine d(i).
0
Let d(k) = 2*k**3 - 3*k**2 - 4*k - 1. Let r be d(3). Let b be 8/(-5)*(-35)/r. Let v(p) = -p**2 + 3*p - 2. What is v(b)?
-6
Suppose 3 + 53 = -8*o. Let m(g) = g**2 + 10*g + 6. Let d(t) = t + 1. Let r(l) = -3*d(l) + m(l). Determine r(o).
3
Let u(z) = 0 - z - 9 + 6. Give u(3).
-6
Let d = -132 + 136. Let v(g) = g**2 - 2*g + 6. Determine v(d).
14
Let j(w) = -12*w**3 + w. Suppose -2*m + 8 = 4*r, -r - 2*m + 2 = -3. Calculate j(r).
-11
Let y(p) be the second derivative of -p**3/6 + 2*p**2 - 6*p. Determine y(7).
-3
Let d(g) = -g**3 - 4*g**2 + 11*g + 1. Let t(n) = n**3 + 4*n**2 - 12*n - 1. Let s(q) = 6*d(q) + 5*t(q). Determine s(-5).
-4
Let u(l) = -l**2 - l + 1. Let s be (-1)/6 - (-21)/18. Let f be 3 + -5 - (1 - 1). Let p be (-2 + s)*(4 + f). Calculate u(p).
-1
Let g(y) = -12*y - 1. Let s(a) = -a. Let u(z) = -g(z) + 6*s(z). Give u(-1).
-5
Let l(r) = -r**2 - 7*r - 6. Suppose 8 = -g - 2*c, 0*g - c = 2*g + 13. Give l(g).
0
Let j(t) = 2*t + 5 - 1 + 3*t**2 - 4*t**2 + 0*t**2. Determine j(3).
1
Let i(u) = 3*u - 4. Let r(w) be the third derivative of 1/2*w**3 + 0*w - 1/120*w**6 + 1/24*w**4 - w**2 - 1/60*w**5 + 0. Let o be r(0). Give i(o).
5
Let q be -3 + (4/(-1) - -8). Let c(p) = 5*p**3 + p**2 - p + 1. What is c(q)?
6
Let y(s) be the second derivative of 1/2*s**2 + 1/120*s**6 + 0 + 1/12*s**5 - 2*s - 1/6*s**3 + 1/12*s**4. Let v(n) be the first derivative of y(n). Give v(-4).
7
Suppose 0 = l + 19 - 58. Let x(d) = -4*d + l - 39 + d**2. Let s(p) = -p**3 - 2*p**2 - 2*p + 1. Let n be s(-2). Calculate x(n).
5
Let l(n) be the third derivative of n**4/24 + 4*n**3/3 - n**2. Calculate l(-5).
3
Let n(j) = -2*j**2 - j + 22. Let z(d) = 5*d**2 + 3*d - 66. Let w(m) = 8*n(m) + 3*z(m). Give w(0).
-22
Let i be (-5 + 1)/(2*-1). Suppose -d - d = -i. Let s(m) be the first derivative of 9*m**4/4 - m**2 + m + 1. Determine s(d).
8
Let x(l) be the third derivative of l**5/60 - l**4/6 - 3*l**3/2 - 3*l**2. Let z(u) be the first derivative of x(u). Give z(5).
6
Let t be 9/3 + -7 + 2. Let h(o) = -2*o**2 + 2*o + 3. Determine h(t).
-9
Let i be 3*(-3)/(-9)*-4. Let q be i*1*(-1)/2. Let y(d) = 2*d + 0*d**2 - 4*d + 2*d**q - 1. Determine y(2).
3
Let k(t) = -4*t**2 + 2*t + 1. Let b(q) = -q**2 - q. Let y(x) = 5*b(x) - k(x). Calculate y(-8).
-9
Let g(f) = -f**2 + 4*f + 3. Let v be 2/(4/10) + -1. Let a be g(v). Let i(k) be the second derivative of -k**3/6 + 2*k**2 + 2*k. Give i(a).
1
Suppose -9 = -0*n + 3*n. Let u(o) = o**3 + 3*o**2 + o + 1. Give u(n).
-2
Let l be ((-4)/(-10))/(267/90 - 3). Let d(n) = n + 6. What is d(l)?
-6
Let y(w) = w - 3. Let n be y(5). Let j(s) = -4*s**2 + s + 1. Calculate j(n).
-13
Let g(y) = -7*y + 4. Let h(u) = -7*u + 5. Let i(f) = 5*g(f) - 4*h(f). Let k(s) = -s**3 + s**2 + s + 4. Let v be k(0). Suppose -m = -5*m - v. Calculate i(m).
7
Let z(p) = 0*p**3 - p**3 + 4 - 2*p**3 + 6*p**2 + 4*p**3 - 8*p. Give z(-7).
11
Let f(s) be the second derivative of s**5/20 - 2*s**4/3 - 4*s**3/3 - s**2 - s. What is f(9)?
7
Let g(f) = 7*f**2 - 4 + f**3 - 4*f**2 + 2*f - 6*f. Let s = -31 + 46. Suppose -3*i - 2*i = s. Give g(i).
8
Let m(p) be the first derivative of p**4/4 - 5*p**3/3 + p**2 + 5*p - 2. Give m(4).
-3
Suppose 0 = -l + 2*b - 2, 2*b - 26 = -5*l. Let c(k) = 3*k + 5. Let r be 8/(-36) - (-122)/(-18). Let o(g) = g + 2. Let u(y) = r*o(y) + 3*c(y). Determine u(l).
9
Let p(z) = -z**3 - 4*z**2 - z + 1. Let o(b) = b**3 + 4*b**2 + 2*b. Let n(r) = 3*o(r) + 4*p(r). Let j = 6 + -4. Suppose 2*i + j*i = -16. Calculate n(i).
-4
Let q(w) = -w**3 - 5*w**2 - 3*w + 3. Let m = -3 - -11. Suppose 3*d = 23 - m. Suppose -5*l = d*o + 40, 4 = -0*l - 2*l + o. What is q(l)?
-1
Let m be 490/26 - 2/(-13). Let b = -16 + m. Let z(x) = -3*x**2 + 2 - 5*x + 5*x**2 + 2. Determine z(b).
7
Let r(b) = -9*b**3 - b**2 - 2*b - 1. Let y(p) = p**2 - 12*p + 10. Let h be y(11). Give r(h).
9
Let x(h) = -h**3 - 6*h**2 - 5*h + 1. Suppose 5*q - q + 28 = 0. Let o(u) = u + 3. Let b be o(q). What is x(b)?
-11
Let m(d) = -d**3 - 5*d**2 - 2*d - 4. Let x(k) = k**2 - 6*k + 2. Let i be x(6). Suppose -7 = -3*s + i. Suppose -s*a + 8*a + 15 = -2*b, 5*b + 23 = 2*a. Give m(b).
6
Let b = 18 + -7. Suppose -4*a + 3*q = 2*q + b, q = 3*a + 7. Let f(c) = -c**3 - 5*c**2 - c + 5. Give f(a).
-7
Let h(l) = l**2 + 6*l + 2. Let c be h(-6). Suppose -v = -c + 4. Let q be v/(2 - 16/10). Let m(u) = -u - 7. Give m(q).
-2
Let l(x) = x**3 + 4*x**2 - 4*x - 4. Let h(q) be the first derivative of q**2/2 + q - 1. Let b be h(-5). What is l(b)?
12
Let k be 1/(2/(-5))*-2. Let n(s) = -6*s + k + s**2 + 3 - 2. Let a be (-1 + 9/(-15))/((-14)/35). What is n(a)?
-2
Let m = 9 + -4. Suppose 9 = 5*q - 1. Suppose 4*i + 20 + 4 = -m*y, q*i = -5*y - 22. Let t(z) = 8*z**3 - 2*z**2 - 2*z - 1. What is t(i)?
-9
Let r(f) be the third derivative of -f**4/24 + 11*f**3/6 - 23*f**2. Calculate r(10).
1
Let j(z) = -8*z**3 - 2*z**2 - 6*z + 1. Let t(a) = -7*a**3 - a**2 - 5*a + 1. Let w(l) = 4*j(l) - 5*t(l). Give w(2).
13
Let w(z) = -2*z - 1. Let o(k) = -k**2 + 4*k + 7. Let g be o(5). Let t(l) = 7*l - l**3 - 10 - l + 13 + 5*l**g. Let b be t(6). Determine w(b).
-7
Let s be (-1